{"id":32,"date":"2019-03-25T10:05:54","date_gmt":"2019-03-25T09:05:54","guid":{"rendered":"http:\/\/fotbalmoravskebranice.cz\/?page_id=32"},"modified":"2019-03-25T14:22:57","modified_gmt":"2019-03-25T13:22:57","slug":"historie","status":"publish","type":"page","link":"https:\/\/fotbalmoravskebranice.cz\/?page_id=32","title":{"rendered":"Historie"},"content":{"rendered":"\t\t<div data-elementor-type=\"wp-post\" data-elementor-id=\"32\" class=\"elementor elementor-32\" data-elementor-settings=\"[]\">\n\t\t\t<div class=\"elementor-inner\">\n\t\t\t\t<div class=\"elementor-section-wrap\">\n\t\t\t\t\t\t\t<section class=\"elementor-element elementor-element-8035879 elementor-section-boxed elementor-section-height-default elementor-section-height-default elementor-section elementor-top-section\" data-id=\"8035879\" data-element_type=\"section\">\n\t\t\t\t\t\t<div class=\"elementor-container elementor-column-gap-default\">\n\t\t\t\t<div class=\"elementor-row\">\n\t\t\t\t<div class=\"elementor-element elementor-element-0c984e3 elementor-column elementor-col-100 elementor-top-column\" data-id=\"0c984e3\" data-element_type=\"column\">\n\t\t\t<div class=\"elementor-column-wrap  elementor-element-populated\">\n\t\t\t\t\t<div class=\"elementor-widget-wrap\">\n\t\t\t\t<div class=\"elementor-element elementor-element-a7e832a elementor-widget elementor-widget-text-editor\" data-id=\"a7e832a\" data-element_type=\"widget\" data-widget_type=\"text-editor.default\">\n\t\t\t\t<div class=\"elementor-widget-container\">\n\t\t\t\t\t<div class=\"elementor-text-editor elementor-clearfix\"><p>Kopan\u00e1 se v na\u0161\u00ed obci za\u010dala hr\u00e1t u\u017e v roce 1920, kdy se vr\u00e1til jako legion\u00e1\u0159 z 1.sv\u011btov\u00e9 v\u00e1lky pan Ferdinand Buka\u010d, kter\u00fd p\u0159inesl kopac\u00ed m\u00ed\u010d. Od t\u00e9 doby se kopan\u00e1 hr\u00e1vala na \u201ePotoku\u201c, za \u201eSt\u00e1vkem\u201c a na \u201eZelen\u00e9m rynku\u201c.<br style=\"color: #1c1c1c;\" \/>\u00a0\u00a0\u00a0\u00a0\u00a0V b\u0159eznu 1936 se z podn\u011btu Jana Kr\u0161\u0148\u00e1ka se\u0161li nad\u0161en\u00ed p\u0159\u00edznivci kopan\u00e9, aby ustavili sportovn\u00ed organizaci.<br style=\"color: #1c1c1c;\" \/>\u00a0\u00a0\u00a0\u00a0\u00a0P\u0159edsedou se stal Josef Elsner, m\u00edstop\u0159edsedou Franti\u0161ek Badin, jednatelem Jan Kr\u0161\u0148\u00e1k, pokladn\u00edkem Franti\u0161ek Jindra, \u010dleny v\u00fdboru Jan Dvo\u0159\u00e1k, Maxmili\u00e1n Cetl, J\u016flius Scho\u0159 a Franti\u0161ek Scho\u0159. V z\u00e1\u0159\u00ed 1936 do\u0161lo zemsk\u00fdm \u00fa\u0159adem ke schv\u00e1len\u00ed ustaven\u00e9 organizace pod n\u00e1zvem SK Moravsk\u00e9 Br\u00e1nice. N\u00e1sledn\u011b byla pod\u00e1na \u017e\u00e1dost k obecn\u00edmu zastupitelstvu o pron\u00e1jem louky pod \u201eP\u0159ej\u00ed\u017e\u010fovnou\u201c k vybudov\u00e1n\u00ed h\u0159i\u0161t\u011b. Bohu\u017eel byla zam\u00edtnuta. Proto se tr\u00e9novalo na \u201eZelen\u00e9m rynku\u201c a k z\u00e1pas\u016fm se zaj\u00ed\u017ed\u011blo na h\u0159i\u0161t\u011b soupe\u0159\u016f.<br style=\"color: #1c1c1c;\" \/>\u00a0\u00a0\u00a0\u00a0\u00a0Za\u010d\u00e1tkem roku 1937 si odd\u00edl pronajal od m\u011bstsk\u00e9ho v\u00fdboru Doln\u00ed Kounice h\u0159i\u0161t\u011b pod cement\u00e1rnou za 150,-K\u010d ro\u010dn\u011b. V t\u00e9m\u017ee roce byly pod\u00e1ny dv\u011b \u017e\u00e1dosti o pron\u00e1jem louky. Ob\u011b byly zam\u00edtnuty. A\u017e teprve v dubnu 1938 byl odd\u00edlu tento pozemek p\u0159id\u011blen. Po usilovn\u00fdch prac\u00edch bylo nov\u00e9 h\u0159i\u0161t\u011b ji\u017e po\u010d\u00e1tkem srpna slavnostn\u011b otev\u0159eno. Radost v\u0161ak netrvala dlouho, nebo\u0165 na ja\u0159e 1939 si \u0159eka Jihlava p\u0159i velk\u00e9 vod\u011b vyhloubila p\u0159es h\u0159i\u0161t\u011b nov\u00e9 koryto. Jarn\u00ed kolo sout\u011b\u017e\u00ed se dohr\u00e1lo na h\u0159i\u0161ti v Sil\u016fvk\u00e1ch. Po t\u011bchto ud\u00e1lostech byl od obce p\u0159ijat pozemek zvan\u00fd \u201e\u0160utrovka\u201c. Vybudov\u00e1n\u00ed nov\u00e9ho h\u0159i\u0161t\u011b dalo mnoho pr\u00e1ce a starost\u00ed, ale za p\u0159isp\u011bn\u00ed tra\u0165ov\u00e9 distance \u010cSD, obecn\u00edho zastupitelstva a m\u00edstn\u00edch ob\u010dan\u016f se poda\u0159ilo sportovn\u00ed plochu upravit a 11. \u0159\u00edjna 1942 slavnostn\u011b otev\u0159\u00edt.<br style=\"color: #1c1c1c;\" \/>\u00a0\u00a0\u00a0\u00a0\u00a0Za okupace ustal v obci kulturn\u00ed a spole\u010densk\u00fd \u017eivot. Dru\u017estva kopan\u00e9 v t\u00e9 dob\u011b dosahovala st\u0159\u00eddav\u00fdch \u00fasp\u011bch\u016f. \u00darove\u0148 byla ovliv\u0148ov\u00e1na v\u00e1lkou, nebo\u0165 N\u011bmecko povol\u00e1valo na nucen\u00e9 pr\u00e1ce i na\u0161e hr\u00e1\u010de.<br style=\"color: #1c1c1c;\" \/>\u00a0\u00a0\u00a0\u00a0\u00a0V prvn\u00ed polovin\u011b roku 1945 nen\u00ed z d\u016fvodu konce v\u00e1lky vyv\u00edjena t\u00e9m\u011b\u0159 \u017e\u00e1dn\u00e1 \u010dinnost. Teprve v jeho druh\u00e9 polovin\u011b se op\u011bt rozv\u00edj\u00ed zab\u011bhl\u00e9 sporty (kopan\u00e1, volejbal, stoln\u00ed tenis).<br style=\"color: #1c1c1c;\" \/>\u00a0\u00a0\u00a0V letech 1946 &#8211; 1947 upad\u00e1 z\u00e1jem o \u010dinnost ve Sportovn\u00edm klubu, kter\u00fd koncem roku 1947 zanik\u00e1. V roce 1948 do\u0161lo ke slou\u010den\u00ed t\u011blov\u00fdchovn\u00e9 a sportovn\u00ed \u010dinnosti v TJ Sokol.<br style=\"color: #1c1c1c;\" \/>\u00a0\u00a0\u00a0\u00a0\u00a0V roce 1957 je \u010dinnost odd\u00edlu kopan\u00e9 znovu obnovena. Bylo upraveno a \u010d\u00e1ste\u010dn\u011b zv\u011bt\u0161eno h\u0159i\u0161t\u011b, postavena kabina pro rozhod\u010d\u00ed, p\u0159ivedena elektroinstala\u010dn\u00ed p\u0159\u00edpojka. P\u016fvodn\u00ed nad\u0161en\u00ed za\u010dalo ustupovat v roce 1961, co\u017e m\u011blo za n\u00e1sledek, \u017ee v roce 1963 byla \u010dinnost kopan\u00e9 op\u011bt ukon\u010dena.<br style=\"color: #1c1c1c;\" \/>\u00a0\u00a0\u00a0\u00a0\u00a0Zrozen\u00ed novodob\u00e9 kopan\u00e9 v Moravsk\u00fdch Br\u00e1nic\u00edch je datov\u00e1no rokem 1973. Bylo registrov\u00e1no 19 hr\u00e1\u010d\u016f. Ze zru\u0161en\u00fdch ubytoven DS Olomouc byly z\u0159\u00edzeny kabiny. Znovu bylo upraveno h\u0159i\u0161t\u011b, za brankami postaveno nov\u00e9 z\u00e1bradl\u00ed. V roce 1974 vzniklo dru\u017estvo \u017e\u00e1k\u016f, 1977 dru\u017estvo dorostu. \u00dasp\u011bchem 1.mu\u017estva skon\u010dila sez\u00f3na 1979-1980, kter\u00e1 znamenala 1.m\u00edsto v okrsku a postup do III.t\u0159\u00eddy. V roce 1983 se zapo\u010dalo s budov\u00e1n\u00edm nov\u00fdch kabin, byly vykop\u00e1ny a vybetonov\u00e1ny z\u00e1klady stavby, d\u00e1le postaveno p\u0159\u00edzem\u00ed se \u010dty\u0159mi kabinami, sprchami a soci\u00e1ln\u00edm za\u0159\u00edzen\u00edm. N\u00e1sledn\u011b pak patro s klubovnou a terasou. Tyto pr\u00e1ce trvaly a\u017e do roku 1988. Sou\u010dasn\u011b s pracemi samoz\u0159ejm\u011b prob\u00edhala i \u010dinnost fotbalov\u00e1.<br style=\"color: #1c1c1c;\" \/>\u00a0\u00a0\u00a0\u00a0\u00a0V roce 1991 byla v klubovn\u011b kabin z\u0159\u00edzena a d\u00e1na do pron\u00e1jmu restaurace. Od roku 1994 se pronaj\u00edm\u00e1 are\u00e1l h\u0159i\u0161t\u011b odd\u00edlu DFC Ivan\u010dice. Za\u010d\u00edn\u00e1me organizovan\u011b a systematicky prov\u00e1d\u011bt sb\u011br \u017eelezn\u00e9ho \u0161rotu v obci. V\u0161echny tyto \u010dinnosti p\u0159in\u00e1\u0161ely a neust\u00e1le p\u0159in\u00e1\u0161ej\u00ed nemal\u00e9 finan\u010dn\u00ed \u010d\u00e1stky do odd\u00edlov\u00e9 pokladny. V roce 1995 za\u010daly projektov\u00e9 pr\u00e1ce na z\u00e1vlahov\u00e9m syst\u00e9mu pro hrac\u00ed plochu. V letech 1997 a 1998 prob\u00edh\u00e1 jeho realizace a v roce 1999 je zkolaudov\u00e1n. Vybudov\u00e1n\u00edm z\u00e1vlahov\u00e9ho syst\u00e9mu se za\u010dalo s investov\u00e1n\u00edm nemal\u00fdch prost\u0159edk\u016f do obnovy travnat\u00e9 plochy. Ke kvalit\u011b h\u0159i\u0161t\u011b p\u0159isp\u00edv\u00e1 tak\u00e9 nov\u00e1 seka\u010dka, kterou jsme zakoupili v roce 2001.<br style=\"color: #1c1c1c;\" \/>\u00a0\u00a0\u00a0\u00a0\u00a0B\u011bhem roku 2003 a 2004 byl zcela p\u0159ebudov\u00e1n z\u00e1vlahov\u00fd syst\u00e9m.V\u0161e je \u0159\u00edzeno automaticky po\u010d\u00edta\u010dovou jednotkou.Ost\u0159ikova\u010de jsou zabudov\u00e1ny v zemi pod h\u0159i\u0161t\u011bm.H\u0159i\u0161t\u011b bylo zor\u00e1no a znovu zas\u00e1zena nov\u00e1 tr\u00e1va.Star\u00e1 budova kabin dostala nov\u00fd kab\u00e1t a za\u010dalo se se stavbou nov\u00e9 \u0161atny pro rozhod\u010d\u00ed nad sklepem.<br style=\"color: #1c1c1c;\" \/>\u00a0\u00a0\u00a0\u00a0\u00a0Kabiny a h\u0159i\u0161t\u011b bylo znovu slavnostn\u011b otev\u0159eno na podzim roku 2005.<\/p><\/div>\n\t\t\t\t<\/div>\n\t\t\t\t<\/div>\n\t\t\t\t\t\t<\/div>\n\t\t\t<\/div>\n\t\t<\/div>\n\t\t\t\t\t\t<\/div>\n\t\t\t<\/div>\n\t\t<\/section>\n\t\t\t\t\t\t<\/div>\n\t\t\t<\/div>\n\t\t<\/div>\n\t\t","protected":false},"excerpt":{"rendered":"<p>Kopan\u00e1 se v na\u0161\u00ed obci za\u010dala hr\u00e1t u\u017e v roce 1920, kdy se vr\u00e1til jako legion\u00e1\u0159 z 1.sv\u011btov\u00e9 v\u00e1lky pan Ferdinand Buka\u010d, kter\u00fd p\u0159inesl kopac\u00ed m\u00ed\u010d. Od t\u00e9 doby se kopan\u00e1 hr\u00e1vala na \u201ePotoku\u201c, za \u201eSt\u00e1vkem\u201c a na \u201eZelen\u00e9m rynku\u201c.\u00a0\u00a0\u00a0\u00a0\u00a0V b\u0159eznu 1936 se z podn\u011btu Jana Kr\u0161\u0148\u00e1ka se\u0161li nad\u0161en\u00ed p\u0159\u00edznivci kopan\u00e9, aby ustavili sportovn\u00ed organizaci.\u00a0\u00a0\u00a0\u00a0\u00a0P\u0159edsedou [&hellip;]<\/p>\n","protected":false},"author":1,"featured_media":0,"parent":0,"menu_order":0,"comment_status":"closed","ping_status":"closed","template":"","meta":{"footnotes":""},"class_list":["post-32","page","type-page","status-publish","hentry"],"_links":{"self":[{"href":"https:\/\/fotbalmoravskebranice.cz\/index.php?rest_route=\/wp\/v2\/pages\/32"}],"collection":[{"href":"https:\/\/fotbalmoravskebranice.cz\/index.php?rest_route=\/wp\/v2\/pages"}],"about":[{"href":"https:\/\/fotbalmoravskebranice.cz\/index.php?rest_route=\/wp\/v2\/types\/page"}],"author":[{"embeddable":true,"href":"https:\/\/fotbalmoravskebranice.cz\/index.php?rest_route=\/wp\/v2\/users\/1"}],"replies":[{"embeddable":true,"href":"https:\/\/fotbalmoravskebranice.cz\/index.php?rest_route=%2Fwp%2Fv2%2Fcomments&post=32"}],"version-history":[{"count":5,"href":"https:\/\/fotbalmoravskebranice.cz\/index.php?rest_route=\/wp\/v2\/pages\/32\/revisions"}],"predecessor-version":[{"id":123,"href":"https:\/\/fotbalmoravskebranice.cz\/index.php?rest_route=\/wp\/v2\/pages\/32\/revisions\/123"}],"wp:attachment":[{"href":"https:\/\/fotbalmoravskebranice.cz\/index.php?rest_route=%2Fwp%2Fv2%2Fmedia&parent=32"}],"curies":[{"name":"wp","href":"https:\/\/api.w.org\/{rel}","templated":true}]}}